mine b(20).
25
Let w(i) = -12*i**3 - 3*i**2 - 2*i + 31. What is w(-3)?
334
Let r(o) = -o**2 - 38*o + 2056. Give r(-69).
-83
Let l(w) = -5*w**2 + 41*w - 2. Give l(3).
76
Let p(d) = -2*d**2 + 262*d + 2222. What is p(-8)?
-2
Let z(a) = -3446*a - 51749. Determine z(-15).
-59
Let a(w) = -1115*w + 35605. Calculate a(32).
-75
Let q(r) = 14*r**3 - 477*r**2 + 32*r + 77. Determine q(34).
9
Let r(d) = -4*d + 1301. Determine r(67).
1033
Let g(l) = -17*l**2 - 223*l - 37. Give g(-13).
-11
Let o(c) = 6*c**2 - 9*c + 7. Give o(1).
4
Let q(t) = -6564*t - 13131. What is q(-2)?
-3
Let q(o) = 156*o + 847. Give q(-6).
-89
Let f(q) = -2542*q + 10143. What is f(4)?
-25
Let z(o) = o**3 + 28*o**2 + 121*o - 6. Give z(-6).
60
Let x(o) = -138*o - 3445. Calculate x(-25).
5
Let b(z) = -z**3 + 31*z**2 + 101*z - 51. Give b(34).
-85
Let o(m) = -1785*m + 8909. Give o(5).
-16
Let m(o) = -o**2 + 45*o - 451. Give m(15).
-1
Let i(r) = -r**3 - 20*r**2 - 93*r - 15. Give i(-13).
11
Let a(s) = -11*s**2 - 764*s + 426. Give a(-70).
6
Let c(m) = -1062*m + 41418. Give c(39).
0
Let z(h) = -5*h**2 - 35*h - 128. Determine z(-9).
-218
Let g(u) = -52*u**3 + 5*u**2 - 18*u + 20. Give g(2).
-412
Let m(v) = -11*v**2 - 7*v + 58. What is m(4)?
-146
Let s(b) = 58*b**2 + b - 4. Give s(-2).
226
Let i(m) = 17*m**3 - 4*m**2 + m + 7. What is i(2)?
129
Let o(y) = -2*y**2 + 5*y + 304. Give o(12).
76
Let p(n) = 8*n + 314. Determine p(-44).
-38
Let a(v) = -35*v**2 - 417*v + 9. Calculate a(-12).
-27
Let y(r) = 4*r**2 + 253*r - 2862. Determine y(11).
405
Let f(k) = 28*k + 51. Give f(5).
191
Let f(w) = 5*w**2 + 42*w - 19. Determine f(-9).
8
Let w(u) = -u**3 + 98*u**2 + 10*u - 731. Determine w(98).
249
Let k(n) = -6*n**2 - 15*n + 14. Calculate k(-5).
-61
Let o(j) = -2*j**2 + 52*j + 17. Determine o(26).
17
Let h(w) = w**2 + 10*w + 89. Calculate h(-24).
425
Let s(i) = 60*i + 176. Calculate s(-3).
-4
Let y(t) = 243*t + 423. Give y(-2).
-63
Let s(x) = x**3 + 6*x**2 + 14*x + 61. Give s(-5).
16
Let p(m) = -m**2 - 3*m + 58. Determine p(-11).
-30
Let y(d) = d**3 - 6*d**2 - 10*d - 25. Give y(7).
-46
Let h(d) = -77*d + 2320. What is h(33)?
-221
Let l(i) = 126*i + 487. What is l(-4)?
-17
Let g(i) = 1401*i - 4214. Give g(3).
-11
Let n(j) = j**2 - 16*j + 40. Calculate n(15).
25
Let p(d) = 18*d**2 - 70*d - 451. What is p(-7)?
921
Let g(r) = 15628*r + 31255. What is g(-2)?
-1
Let q(i) = -i**2 - 44*i + 15. Give q(-5).
210
Let t(w) = 18*w - 123. What is t(0)?
-123
Let v(l) = -30*l**3 + l**2 + 2*l - 13. Give v(2).
-245
Let b(n) = n**3 - 35*n**2 - 7*n + 249. Calculate b(35).
4
Let r(l) = -195*l - 595. Calculate r(-3).
-10
Let o(s) = -5*s**3 + 7*s**2 + 2*s - 43. What is o(3)?
-109
Let u(f) = -5*f**2 + 164*f + 772. Determine u(37).
-5
Let i(z) = 148*z + 6600. What is i(-46)?
-208
Let u(s) = s**2 - 77*s + 286. What is u(4)?
-6
Let r(f) = 2*f**2 + 64*f - 95. Give r(-38).
361
Let a(q) = q**3 + 129*q**2 - 6*q - 852. Determine a(-129).
-78
Let t(i) = 3*i**3 + 64*i + 9. Give t(0).
9
Let f(w) = -4*w**2 - 2*w + 85. What is f(5)?
-25
Let t(f) = -f**2 + 202*f - 4612. Determine t(176).
-36
Let n(i) = -i**3 + 90*i**2 + 784*i + 2. Determine n(-8).
2
Let i(o) = -o**3 - 24*o**2 + 57*o + 143. What is i(-26)?
13
Let g(o) = -265*o + 20679. What is g(78)?
9
Let b(t) = 10*t**2 - 6*t + 4. What is b(-3)?
112
Let s(l) = -156*l + 5091. Determine s(32).
99
Let a(i) = 6*i**3 + 262*i**2 + 418*i - 85. Determine a(-42).
-1
Let q(h) = -h**2 + 1185*h - 18695. Determine q(16).
9
Let b(v) = 36*v + 64. Calculate b(5).
244
Let i(z) = 98*z - 252. Determine i(5).
238
Let j(x) = 27*x + 24. What is j(-3)?
-57
Let f(k) = -7*k + 358. Determine f(54).
-20
Let s(n) = 4*n**3 - 8*n**2 + 9*n - 52. What is s(4)?
112
Let a(i) = -i**3 - 28*i**2 - 28*i - 36. Calculate a(-27).
-9
Let x(a) = -a**3 + 21*a**2 - 98*a - 86. What is x(15)?
-206
Let i(z) = -z**2 - 67*z - 573. Give i(-10).
-3
Let v(x) = 712*x - 10686. Give v(15).
-6
Let q(p) = -5989*p + 29942. What is q(5)?
-3
Let o(q) = -376*q + 5266. Give o(14).
2
Let i(w) = 829*w + 24034. Calculate i(-29).
-7
Let p(z) = 2*z**3 + 40*z**2 - 8*z + 730. Give p(-21).
16
Let x(i) = -i**2 - 34*i + 249. Give x(6).
9
Let n(l) = -4*l**2 + 40*l - 31. Give n(19).
-715
Let o(p) = 10955*p - 54753. Determine o(5).
22
Let g(z) = 60*z + 261. Give g(-4).
21
Let j(n) = -n**3 - 220*n**2 - 476*n - 8741. Determine j(-218).
-21
Let d(p) = -p**2 + 13*p + 200. What is d(21)?
32
Let v(c) = -c**3 + 20*c**2 - 16*c + 1. What is v(8)?
641
Let f(i) = 57*i + 8660. Give f(-152).
-4
Let y(j) = j**2 - 21*j - 40. Give y(24).
32
Let d(s) = -127*s - 1401. What is d(-11)?
-4
Let t(d) = -3*d**2 + 259*d + 174. Determine t(87).
0
Let f(l) = 1280*l + 11507. Determine f(-9).
-13
Let s(c) = 76*c + 72. Give s(6).
528
Let y(j) = 99*j + 683. Determine y(-8).
-109
Let j(i) = 1295*i - 97119. Give j(75).
6
Let p(a) = -a**2 + 6*a - 74. Determine p(6).
-74
Let r(l) = l**2 - 181*l - 1489. Give r(-8).
23
Let v(z) = 198*z + 2773. What is v(-14)?
1
Let y(p) = 3*p**3 - 28*p**2 - 41*p + 586. Give y(8).
2
Let m(h) = -311*h + 31717. Determine m(102).
-5
Let q(z) = -1585*z - 1533. What is q(-1)?
52
Let k(t) = 12*t**2 - 1461*t + 1099. Calculate k(121).
10
Let a(c) = c**2 - 25*c - 52. What is a(-2)?
2
Let s(i) = -61*i + 192. Calculate s(0).
192
Let n(i) = 63*i - 73. Give n(2).
53
Let z(t) = -6*t**2 + 221*t + 40. What is z(35)?
425
Let g(l) = l**3 + 26*l**2 - 98*l - 3500. Calculate g(-24).
4
Let n(a) = 37*a**3 - 78*a**2 + 22*a - 31. Give n(2).
-3
Let v(w) = w**3 + 21*w**2 - 29*w - 116. Determine v(-22).
38
Let h(o) = -6*o**2 + 1527*o - 3789. Calculate h(252).
-9
Let p(j) = -10*j**2 - 1050*j + 3155. Give p(3).
-85
Let q(c) = -1638*c + 1615. Give q(1).
-23
Let p(w) = 7598*w + 22793. Calculate p(-3).
-1
Let l(j) = -3*j**2 + 5*j + 132. Give l(12).
-240
Let y(l) = -80*l**2 - 69*l - 16. Give y(-3).
-529
Let c(y) = 11*y**3 - 2*y**2 - 3*y - 4. Determine c(3).
266
Let a(r) = 2*r**2 + 91*r + 64. Give a(-46).
110
Let f(i) = 12*i**2 - 1294*i - 228. Calculate f(108).
-12
Let r(h) = -5*h**2 + 21*h + 36. Give r(5).
16
Let p(t) = 2*t**2 - 5845*t - 46892. Calculate p(-8).
-4
Let l(s) = 109*s**2 + 12*s - 24. Give l(0).
-24
Let q(x) = -x**3 + 12*x**2 + 15*x + 9. Calculate q(13).
35
Let n(x) = -2*x**2 + 288*x - 7909. What is n(37)?
9
Let m(u) = u**2 - 15000*u + 104965. Determine m(7).
14
Let z(t) = t**2 + 130*t - 10403. Determine z(-186).
13
Let b(z) = -62*z - 427. Give b(-7).
7
Let y(r) = -2*r**2 - 67*r - 51. Determine y(-9).
390
Let u(w) = -18*w - 23. Calculate u(-17).
283
Let u(j) = 46*j**2 + 604*j + 58. Give u(-13).
-20
Let x(q) = -q**2 + 304*q - 12456. Calculate x(49).
39
Let o(p) = -253*p - 248. Calculate o(-1).
5
Let z(p) = -2*p**3 - 2*p**2 + 11*p - 12. Determine z(2).
-14
Let q(s) = -2*s**3 - 61*s**2 + 35*s + 110. Calculate q(-31).
-14
Let q(o) = -o**2 + 119*o - 1094. Calculate q(10).
-4
Let i(r) = -r**2 + 9*r + 2394. Determine i(-41).
344
Let s(f) = -171*f**2 + 3762*f - 18. What is s(22)?
-18
Let q(y) = 24548*y - 73640. What is q(3)?
4
Let m(x) = -x**2 - 32*x - 12. Give m(-24).
180
Let t(q) = -29*q**3 - 261*q**2 - 6*q. Determine t(-9).
54
Let i(m) = 281*m + 10951. Determine i(-39).
-8
Let w(f) = -f**2 + 244*f + 1476. Give w(-6).
-24
Let i(l) = 33*l - 769. Determine i(25).
56
Let w(o) = 4*o**3 - 13*o**2 - 5*o - 19. Calculate w(4).
9
Let n(w) = 4*w - 35. Give n(-17).
-103
Let q(f) = -31*f**3 - 4*f**2 - 3*f + 11. Calculate q(3).
-871
Let a(k) = k**3 - 5*k**2 + 238*k - 715. Calculate a(3).
-19
Let w(d) = -3*d**2 - 308*d - 4851. Calculate w(-18).
-279
Let o(f) = 1161*f + 4603. Give o(-4).
-41
Let h(w) = w**2 + 5*w - 25. Determine h(-16).
151
Let q(p) = 4*p + 405. Calculate q(-88).
53
Let q(k) = -267*k + 1020. Calculate q(4).
-48
Let v(m) = 317*m - 4137. Give v(13).
-16
Let x(v) = -169*v + 4889. Determine x(29).
-12
Let c(t) = -t - 107. Calculate c(-62).
-45
Let q(n) = n**3 - 8*n**2 - 22*n - 28. What is q(11)?
93
Let o(q) = -5*q**2 + 114*q + 52. What is o(21)?
241
Let y(g) = 95*g**2 - 468*g - 30. Give y(5).
5
Let t(s) = 506*s - 500. Determine t(1).
6
Let o(d) = -d**3 + 41*d**2 + 54*d - 11. What is o(42)?
493
Let y(i) = i**3 - 16*i**2 - 3*i + 4. Determine y(16).
-44
Let j(m) = m**3 - 4*m**2 + m - 15. Calculate j(4).
-11
Let f(b) = 2*b + 267. Calculate f(-27).
213
Let g(m) = m**3 - 24*m**2 + 2*m - 76. Determine g(24)